[INFO] cloning repository https://github.com/diegocardoso93/measure-variations
[INFO] running `Command { std: "git" "-c" "credential.helper=" "-c" "credential.helper=/workspace/cargo-home/bin/git-credential-null" "clone" "--bare" "https://github.com/diegocardoso93/measure-variations" "/workspace/cache/git-repos/https%3A%2F%2Fgithub.com%2Fdiegocardoso93%2Fmeasure-variations", kill_on_drop: false }`
[INFO] [stderr] Cloning into bare repository '/workspace/cache/git-repos/https%3A%2F%2Fgithub.com%2Fdiegocardoso93%2Fmeasure-variations'...
[INFO] running `Command { std: "git" "rev-parse" "HEAD", kill_on_drop: false }`
[INFO] [stdout] 46b9a4216f51226d0c45b00fcec60209f45ecc7c
[INFO] checking diegocardoso93/measure-variations against master#af3c6e733a40e671550e0f0f5aeecaa13772ba56 for pr-74989
[INFO] running `Command { std: "git" "clone" "/workspace/cache/git-repos/https%3A%2F%2Fgithub.com%2Fdiegocardoso93%2Fmeasure-variations" "/workspace/builds/worker-6/source", kill_on_drop: false }`
[INFO] [stderr] Cloning into '/workspace/builds/worker-6/source'...
[INFO] [stderr] done.
[INFO] [stderr] Checking out files:  76% (5958/7753)   
Checking out files:  77% (5970/7753)   
Checking out files:  78% (6048/7753)   
Checking out files:  79% (6125/7753)   
Checking out files:  80% (6203/7753)   
Checking out files:  81% (6280/7753)   
Checking out files:  82% (6358/7753)   
Checking out files:  83% (6435/7753)   
Checking out files:  84% (6513/7753)   
Checking out files:  85% (6591/7753)   
Checking out files:  86% (6668/7753)   
Checking out files:  87% (6746/7753)   
Checking out files:  88% (6823/7753)   
Checking out files:  89% (6901/7753)   
Checking out files:  90% (6978/7753)   
Checking out files:  91% (7056/7753)   
Checking out files:  92% (7133/7753)   
Checking out files:  93% (7211/7753)   
Checking out files:  94% (7288/7753)   
Checking out files:  95% (7366/7753)   
Checking out files:  96% (7443/7753)   
Checking out files:  97% (7521/7753)   
Checking out files:  98% (7598/7753)   
Checking out files:  99% (7676/7753)   
Checking out files: 100% (7753/7753)   
Checking out files: 100% (7753/7753), done.
[INFO] validating manifest of git repo https://github.com/diegocardoso93/measure-variations on toolchain af3c6e733a40e671550e0f0f5aeecaa13772ba56
[INFO] running `Command { std: "/workspace/cargo-home/bin/cargo" "+af3c6e733a40e671550e0f0f5aeecaa13772ba56" "read-manifest" "--manifest-path" "Cargo.toml", kill_on_drop: false }`
[INFO] started tweaking git repo https://github.com/diegocardoso93/measure-variations
[INFO] finished tweaking git repo https://github.com/diegocardoso93/measure-variations
[INFO] tweaked toml for git repo https://github.com/diegocardoso93/measure-variations written to /workspace/builds/worker-6/source/Cargo.toml
[INFO] crate git repo https://github.com/diegocardoso93/measure-variations already has a lockfile, it will not be regenerated
[INFO] running `Command { std: "/workspace/cargo-home/bin/cargo" "+af3c6e733a40e671550e0f0f5aeecaa13772ba56" "fetch" "--locked" "--manifest-path" "Cargo.toml", kill_on_drop: false }`
[INFO] [stderr]     Blocking waiting for file lock on package cache
[INFO] running `Command { std: "docker" "create" "-v" "/var/lib/crater-agent-workspace/builds/worker-6/target:/opt/rustwide/target:rw,Z" "-v" "/var/lib/crater-agent-workspace/builds/worker-6/source:/opt/rustwide/workdir:ro,Z" "-v" "/var/lib/crater-agent-workspace/cargo-home:/opt/rustwide/cargo-home:ro,Z" "-v" "/var/lib/crater-agent-workspace/rustup-home:/opt/rustwide/rustup-home:ro,Z" "-e" "SOURCE_DIR=/opt/rustwide/workdir" "-e" "CARGO_TARGET_DIR=/opt/rustwide/target" "-e" "CARGO_HOME=/opt/rustwide/cargo-home" "-e" "RUSTUP_HOME=/opt/rustwide/rustup-home" "-w" "/opt/rustwide/workdir" "-m" "1610612736" "--user" "0:0" "--network" "none" "rustops/crates-build-env@sha256:d92eaeed33fa75130ca1ee6c8a01d1ffb62bac859dfdfb3450e3e5d1c0146529" "/opt/rustwide/cargo-home/bin/cargo" "+af3c6e733a40e671550e0f0f5aeecaa13772ba56" "metadata" "--no-deps" "--format-version=1", kill_on_drop: false }`
[INFO] [stderr] WARNING: Your kernel does not support swap limit capabilities or the cgroup is not mounted. Memory limited without swap.
[INFO] [stdout] 02de5cb388cdc13ecb219b763e0a48111c6d2418d9db94f7451037dc55c65773
[INFO] running `Command { std: "docker" "start" "-a" "02de5cb388cdc13ecb219b763e0a48111c6d2418d9db94f7451037dc55c65773", kill_on_drop: false }`
[INFO] running `Command { std: "docker" "inspect" "02de5cb388cdc13ecb219b763e0a48111c6d2418d9db94f7451037dc55c65773", kill_on_drop: false }`
[INFO] running `Command { std: "docker" "rm" "-f" "02de5cb388cdc13ecb219b763e0a48111c6d2418d9db94f7451037dc55c65773", kill_on_drop: false }`
[INFO] [stdout] 02de5cb388cdc13ecb219b763e0a48111c6d2418d9db94f7451037dc55c65773
[INFO] running `Command { std: "docker" "create" "-v" "/var/lib/crater-agent-workspace/builds/worker-6/target:/opt/rustwide/target:rw,Z" "-v" "/var/lib/crater-agent-workspace/builds/worker-6/source:/opt/rustwide/workdir:ro,Z" "-v" "/var/lib/crater-agent-workspace/cargo-home:/opt/rustwide/cargo-home:ro,Z" "-v" "/var/lib/crater-agent-workspace/rustup-home:/opt/rustwide/rustup-home:ro,Z" "-e" "SOURCE_DIR=/opt/rustwide/workdir" "-e" "CARGO_TARGET_DIR=/opt/rustwide/target" "-e" "CARGO_INCREMENTAL=0" "-e" "RUST_BACKTRACE=full" "-e" "RUSTFLAGS=--cap-lints=forbid" "-e" "CARGO_HOME=/opt/rustwide/cargo-home" "-e" "RUSTUP_HOME=/opt/rustwide/rustup-home" "-w" "/opt/rustwide/workdir" "-m" "1610612736" "--user" "0:0" "--network" "none" "rustops/crates-build-env@sha256:d92eaeed33fa75130ca1ee6c8a01d1ffb62bac859dfdfb3450e3e5d1c0146529" "/opt/rustwide/cargo-home/bin/cargo" "+af3c6e733a40e671550e0f0f5aeecaa13772ba56" "check" "--frozen" "--all" "--all-targets" "--message-format=json", kill_on_drop: false }`
[INFO] [stderr] WARNING: Your kernel does not support swap limit capabilities or the cgroup is not mounted. Memory limited without swap.
[INFO] [stdout] 1516451d8d4ec69538335279413bfa6c72cbcc32d1e9850c1369100a5d0ce5b3
[INFO] running `Command { std: "docker" "start" "-a" "1516451d8d4ec69538335279413bfa6c72cbcc32d1e9850c1369100a5d0ce5b3", kill_on_drop: false }`
[INFO] [stderr]    Compiling proc-macro2 v1.0.12
[INFO] [stderr]    Compiling unicode-xid v0.2.0
[INFO] [stderr]    Compiling syn v1.0.19
[INFO] [stderr]    Compiling autocfg v1.0.0
[INFO] [stderr]     Checking rand_core v0.4.2
[INFO] [stderr]    Compiling autocfg v0.1.7
[INFO] [stderr]    Compiling log v0.4.8
[INFO] [stderr]    Compiling wasm-bindgen-shared v0.2.62
[INFO] [stderr]    Compiling cfg-if v0.1.10
[INFO] [stderr]    Compiling libc v0.2.69
[INFO] [stderr]    Compiling serde v1.0.110
[INFO] [stderr]    Compiling proc-macro2 v0.4.30
[INFO] [stderr]    Compiling memchr v2.3.3
[INFO] [stderr]    Compiling lazy_static v1.4.0
[INFO] [stderr]    Compiling unicode-xid v0.1.0
[INFO] [stderr]    Compiling bumpalo v3.3.0
[INFO] [stderr]    Compiling byteorder v1.3.4
[INFO] [stderr]    Compiling wasm-bindgen v0.2.62
[INFO] [stderr]    Compiling cc v1.0.52
[INFO] [stderr]    Compiling semver v0.1.20
[INFO] [stderr]    Compiling syn v0.15.44
[INFO] [stderr]    Compiling feature-probe v0.1.1
[INFO] [stderr]    Compiling doc-comment v0.3.3
[INFO] [stderr]    Compiling ryu v1.0.4
[INFO] [stderr]    Compiling ndarray v0.13.1
[INFO] [stderr]     Checking rawpointer v0.2.1
[INFO] [stderr]    Compiling unicode-segmentation v1.6.0
[INFO] [stderr]     Checking rustc-demangle v0.1.16
[INFO] [stderr]     Checking regex-syntax v0.6.17
[INFO] [stderr]    Compiling bio v0.30.0
[INFO] [stderr]     Checking bit-vec v0.6.2
[INFO] [stderr]     Checking quick-error v1.2.3
[INFO] [stderr]     Checking fixedbitset v0.1.9
[INFO] [stderr]     Checking ordermap v0.3.5
[INFO] [stderr]     Checking itoa v0.4.5
[INFO] [stderr]     Checking either v1.5.3
[INFO] [stderr]     Checking strum v0.16.0
[INFO] [stderr]     Checking futures v0.1.29
[INFO] [stderr]     Checking custom_derive v0.1.7
[INFO] [stderr]     Checking bytecount v0.6.0
[INFO] [stderr]     Checking fnv v1.0.6
[INFO] [stderr]     Checking scoped-tls v1.0.0
[INFO] [stderr]     Checking strsim v0.10.0
[INFO] [stderr]     Checking difference v1.0.0
[INFO] [stderr]     Checking thread_local v1.0.1
[INFO] [stderr]     Checking rand_core v0.3.1
[INFO] [stderr]     Checking rand_jitter v0.1.4
[INFO] [stderr]     Checking matrixmultiply v0.2.3
[INFO] [stderr]    Compiling rustc_version v0.1.7
[INFO] [stderr]    Compiling rand_chacha v0.1.1
[INFO] [stderr]    Compiling rand_pcg v0.1.2
[INFO] [stderr]    Compiling rand v0.6.5
[INFO] [stderr]    Compiling num-traits v0.2.11
[INFO] [stderr]    Compiling num-complex v0.2.4
[INFO] [stderr]    Compiling num-integer v0.1.42
[INFO] [stderr]    Compiling bv v0.11.1
[INFO] [stderr]     Checking bit-set v0.5.2
[INFO] [stderr]     Checking itertools v0.8.2
[INFO] [stderr]     Checking rand_hc v0.1.0
[INFO] [stderr]     Checking rand_xorshift v0.1.1
[INFO] [stderr]     Checking rand_isaac v0.1.1
[INFO] [stderr]    Compiling heck v0.3.1
[INFO] [stderr]     Checking petgraph v0.4.13
[INFO] [stderr]    Compiling newtype_derive v0.1.6
[INFO] [stderr]     Checking aho-corasick v0.7.10
[INFO] [stderr]     Checking csv-core v0.1.10
[INFO] [stderr]     Checking regex-automata v0.1.9
[INFO] [stderr]     Checking fxhash v0.2.1
[INFO] [stderr]    Compiling quote v0.6.13
[INFO] [stderr]     Checking rand_os v0.1.3
[INFO] [stderr]    Compiling quote v1.0.4
[INFO] [stderr]    Compiling backtrace-sys v0.1.37
[INFO] [stderr]    Compiling wasm-bindgen-test-macro v0.2.50
[INFO] [stderr]     Checking itertools-num v0.1.3
[INFO] [stderr]     Checking approx v0.3.2
[INFO] [stderr]     Checking ordered-float v1.0.2
[INFO] [stderr]     Checking statrs v0.11.0
[INFO] [stderr]     Checking backtrace v0.3.46
[INFO] [stderr]     Checking regex v1.3.7
[INFO] [stderr]    Compiling snafu-derive v0.5.0
[INFO] [stderr]    Compiling wasm-bindgen-backend v0.2.62
[INFO] [stderr]     Checking snafu v0.5.0
[INFO] [stderr]    Compiling wasm-bindgen-macro-support v0.2.62
[INFO] [stderr]    Compiling serde_derive v1.0.110
[INFO] [stderr]    Compiling derive-new v0.5.8
[INFO] [stderr]    Compiling getset v0.0.9
[INFO] [stderr]    Compiling strum_macros v0.16.0
[INFO] [stderr]    Compiling wasm-bindgen-macro v0.2.62
[INFO] [stderr]     Checking js-sys v0.3.39
[INFO] [stderr]     Checking console_error_panic_hook v0.1.6
[INFO] [stdout] error: return value of constructor must be a bare path
[INFO] [stdout]     --> /opt/rustwide/cargo-home/registry/src/github.com-1ecc6299db9ec823/js-sys-0.3.39/src/lib.rs:4795:13
[INFO] [stdout]      |
[INFO] [stdout] 4795 | /             /// The
[INFO] [stdout] 4796 | |             #[doc = $ctor]
[INFO] [stdout] 4797 | |             /// constructor creates an array of unsigned 8-bit integers.
[INFO] [stdout] 4798 | |             ///
[INFO] [stdout] ...    |
[INFO] [stdout] 4802 | |             #[wasm_bindgen(constructor)]
[INFO] [stdout] 4803 | |             pub fn new(constructor_arg: &JsValue) -> $name;
[INFO] [stdout]      | |___________________________________________________________^
[INFO] [stdout] ...
[INFO] [stdout] 4999 | / arrays! {
[INFO] [stdout] 5000 | |     /// `Int8Array()`
[INFO] [stdout] 5001 | |     /// https://developer.mozilla.org/en-US/docs/Web/JavaScript/Reference/Global_Objects/Int8Array
[INFO] [stdout] 5002 | |     Int8Array: i8,
[INFO] [stdout] ...    |
[INFO] [stdout] 5034 | |     Float64Array: f64,
[INFO] [stdout] 5035 | | }
[INFO] [stdout]      | |_- in this macro invocation
[INFO] [stdout]      |
[INFO] [stdout]      = note: this error originates in a macro (in Nightly builds, run with -Z macro-backtrace for more info)
[INFO] [stdout] 
[INFO] [stdout] 
[INFO] [stdout] error: return value of constructor must be a bare path
[INFO] [stdout]     --> /opt/rustwide/cargo-home/registry/src/github.com-1ecc6299db9ec823/js-sys-0.3.39/src/lib.rs:4805:13
[INFO] [stdout]      |
[INFO] [stdout] 4805 | /             /// An
[INFO] [stdout] 4806 | |             #[doc = $ctor]
[INFO] [stdout] 4807 | |             /// which creates an array with an internal buffer large
[INFO] [stdout] 4808 | |             /// enough for `length` elements.
[INFO] [stdout] ...    |
[INFO] [stdout] 4813 | |             #[wasm_bindgen(constructor)]
[INFO] [stdout] 4814 | |             pub fn new_with_length(length: u32) -> $name;
[INFO] [stdout]      | |_________________________________________________________^
[INFO] [stdout] ...
[INFO] [stdout] 4999 | / arrays! {
[INFO] [stdout] 5000 | |     /// `Int8Array()`
[INFO] [stdout] 5001 | |     /// https://developer.mozilla.org/en-US/docs/Web/JavaScript/Reference/Global_Objects/Int8Array
[INFO] [stdout] 5002 | |     Int8Array: i8,
[INFO] [stdout] ...    |
[INFO] [stdout] 5034 | |     Float64Array: f64,
[INFO] [stdout] 5035 | | }
[INFO] [stdout]      | |_- in this macro invocation
[INFO] [stdout]      |
[INFO] [stdout]      = note: this error originates in a macro (in Nightly builds, run with -Z macro-backtrace for more info)
[INFO] [stdout] 
[INFO] [stdout] 
[INFO] [stdout] error: return value of constructor must be a bare path
[INFO] [stdout]     --> /opt/rustwide/cargo-home/registry/src/github.com-1ecc6299db9ec823/js-sys-0.3.39/src/lib.rs:4816:13
[INFO] [stdout]      |
[INFO] [stdout] 4816 | /             /// An
[INFO] [stdout] 4817 | |             #[doc = $ctor]
[INFO] [stdout] 4818 | |             /// which creates an array with the given buffer but is a
[INFO] [stdout] 4819 | |             /// view starting at `byte_offset`.
[INFO] [stdout] ...    |
[INFO] [stdout] 4824 | |             #[wasm_bindgen(constructor)]
[INFO] [stdout] 4825 | |             pub fn new_with_byte_offset(buffer: &JsValue, byte_offset: u32) -> $name;
[INFO] [stdout]      | |_____________________________________________________________________________________^
[INFO] [stdout] ...
[INFO] [stdout] 4999 | / arrays! {
[INFO] [stdout] 5000 | |     /// `Int8Array()`
[INFO] [stdout] 5001 | |     /// https://developer.mozilla.org/en-US/docs/Web/JavaScript/Reference/Global_Objects/Int8Array
[INFO] [stdout] 5002 | |     Int8Array: i8,
[INFO] [stdout] ...    |
[INFO] [stdout] 5034 | |     Float64Array: f64,
[INFO] [stdout] 5035 | | }
[INFO] [stdout]      | |_- in this macro invocation
[INFO] [stdout]      |
[INFO] [stdout]      = note: this error originates in a macro (in Nightly builds, run with -Z macro-backtrace for more info)
[INFO] [stdout] 
[INFO] [stdout] 
[INFO] [stdout] error: return value of constructor must be a bare path
[INFO] [stdout]     --> /opt/rustwide/cargo-home/registry/src/github.com-1ecc6299db9ec823/js-sys-0.3.39/src/lib.rs:4827:13
[INFO] [stdout]      |
[INFO] [stdout] 4827 | /             /// An
[INFO] [stdout] 4828 | |             #[doc = $ctor]
[INFO] [stdout] 4829 | |             /// which creates an array with the given buffer but is a
[INFO] [stdout] 4830 | |             /// view starting at `byte_offset` for `length` elements.
[INFO] [stdout] ...    |
[INFO] [stdout] 4839 | |                 length: u32,
[INFO] [stdout] 4840 | |             ) -> $name;
[INFO] [stdout]      | |_______________________^
[INFO] [stdout] ...
[INFO] [stdout] 4999 | / arrays! {
[INFO] [stdout] 5000 | |     /// `Int8Array()`
[INFO] [stdout] 5001 | |     /// https://developer.mozilla.org/en-US/docs/Web/JavaScript/Reference/Global_Objects/Int8Array
[INFO] [stdout] 5002 | |     Int8Array: i8,
[INFO] [stdout] ...    |
[INFO] [stdout] 5034 | |     Float64Array: f64,
[INFO] [stdout] 5035 | | }
[INFO] [stdout]      | |_- in this macro invocation
[INFO] [stdout]      |
[INFO] [stdout]      = note: this error originates in a macro (in Nightly builds, run with -Z macro-backtrace for more info)
[INFO] [stdout] 
[INFO] [stdout] 
[INFO] [stdout] error: first argument of method must be a path
[INFO] [stdout]     --> /opt/rustwide/cargo-home/registry/src/github.com-1ecc6299db9ec823/js-sys-0.3.39/src/lib.rs:4847:32
[INFO] [stdout]      |
[INFO] [stdout] 4847 |               pub fn fill(this: &$name, value: $ty, start: u32, end: u32) -> $name;
[INFO] [stdout]      |                                  ^^^^^
[INFO] [stdout] ...
[INFO] [stdout] 4999 | / arrays! {
[INFO] [stdout] 5000 | |     /// `Int8Array()`
[INFO] [stdout] 5001 | |     /// https://developer.mozilla.org/en-US/docs/Web/JavaScript/Reference/Global_Objects/Int8Array
[INFO] [stdout] 5002 | |     Int8Array: i8,
[INFO] [stdout] ...    |
[INFO] [stdout] 5034 | |     Float64Array: f64,
[INFO] [stdout] 5035 | | }
[INFO] [stdout]      | |_- in this macro invocation
[INFO] [stdout]      |
[INFO] [stdout]      = note: this error originates in a macro (in Nightly builds, run with -Z macro-backtrace for more info)
[INFO] [stdout] 
[INFO] [stdout] 
[INFO] [stdout] error: first argument of method must be a path
[INFO] [stdout]     --> /opt/rustwide/cargo-home/registry/src/github.com-1ecc6299db9ec823/js-sys-0.3.39/src/lib.rs:4852:34
[INFO] [stdout]      |
[INFO] [stdout] 4852 |               pub fn buffer(this: &$name) -> ArrayBuffer;
[INFO] [stdout]      |                                    ^^^^^
[INFO] [stdout] ...
[INFO] [stdout] 4999 | / arrays! {
[INFO] [stdout] 5000 | |     /// `Int8Array()`
[INFO] [stdout] 5001 | |     /// https://developer.mozilla.org/en-US/docs/Web/JavaScript/Reference/Global_Objects/Int8Array
[INFO] [stdout] 5002 | |     Int8Array: i8,
[INFO] [stdout] ...    |
[INFO] [stdout] 5034 | |     Float64Array: f64,
[INFO] [stdout] 5035 | | }
[INFO] [stdout]      | |_- in this macro invocation
[INFO] [stdout]      |
[INFO] [stdout]      = note: this error originates in a macro (in Nightly builds, run with -Z macro-backtrace for more info)
[INFO] [stdout] 
[INFO] [stdout] 
[INFO] [stdout] error: first argument of method must be a path
[INFO] [stdout]     --> /opt/rustwide/cargo-home/registry/src/github.com-1ecc6299db9ec823/js-sys-0.3.39/src/lib.rs:4858:36
[INFO] [stdout]      |
[INFO] [stdout] 4858 |               pub fn subarray(this: &$name, begin: u32, end: u32) -> $name;
[INFO] [stdout]      |                                      ^^^^^
[INFO] [stdout] ...
[INFO] [stdout] 4999 | / arrays! {
[INFO] [stdout] 5000 | |     /// `Int8Array()`
[INFO] [stdout] 5001 | |     /// https://developer.mozilla.org/en-US/docs/Web/JavaScript/Reference/Global_Objects/Int8Array
[INFO] [stdout] 5002 | |     Int8Array: i8,
[INFO] [stdout] ...    |
[INFO] [stdout] 5034 | |     Float64Array: f64,
[INFO] [stdout] 5035 | | }
[INFO] [stdout]      | |_- in this macro invocation
[INFO] [stdout]      |
[INFO] [stdout]      = note: this error originates in a macro (in Nightly builds, run with -Z macro-backtrace for more info)
[INFO] [stdout] 
[INFO] [stdout] 
[INFO] [stdout] error: first argument of method must be a path
[INFO] [stdout]     --> /opt/rustwide/cargo-home/registry/src/github.com-1ecc6299db9ec823/js-sys-0.3.39/src/lib.rs:4864:33
[INFO] [stdout]      |
[INFO] [stdout] 4864 |               pub fn slice(this: &$name, begin: u32, end: u32) -> $name;
[INFO] [stdout]      |                                   ^^^^^
[INFO] [stdout] ...
[INFO] [stdout] 4999 | / arrays! {
[INFO] [stdout] 5000 | |     /// `Int8Array()`
[INFO] [stdout] 5001 | |     /// https://developer.mozilla.org/en-US/docs/Web/JavaScript/Reference/Global_Objects/Int8Array
[INFO] [stdout] 5002 | |     Int8Array: i8,
[INFO] [stdout] ...    |
[INFO] [stdout] 5034 | |     Float64Array: f64,
[INFO] [stdout] 5035 | | }
[INFO] [stdout]      | |_- in this macro invocation
[INFO] [stdout]      |
[INFO] [stdout]      = note: this error originates in a macro (in Nightly builds, run with -Z macro-backtrace for more info)
[INFO] [stdout] 
[INFO] [stdout] 
[INFO] [stdout] error: first argument of method must be a path
[INFO] [stdout]     --> /opt/rustwide/cargo-home/registry/src/github.com-1ecc6299db9ec823/js-sys-0.3.39/src/lib.rs:4871:36
[INFO] [stdout]      |
[INFO] [stdout] 4871 |               pub fn for_each(this: &$name, callback: &mut dyn FnMut($ty, u32, $name));
[INFO] [stdout]      |                                      ^^^^^
[INFO] [stdout] ...
[INFO] [stdout] 4999 | / arrays! {
[INFO] [stdout] 5000 | |     /// `Int8Array()`
[INFO] [stdout] 5001 | |     /// https://developer.mozilla.org/en-US/docs/Web/JavaScript/Reference/Global_Objects/Int8Array
[INFO] [stdout] 5002 | |     Int8Array: i8,
[INFO] [stdout] ...    |
[INFO] [stdout] 5034 | |     Float64Array: f64,
[INFO] [stdout] 5035 | | }
[INFO] [stdout]      | |_- in this macro invocation
[INFO] [stdout]      |
[INFO] [stdout]      = note: this error originates in a macro (in Nightly builds, run with -Z macro-backtrace for more info)
[INFO] [stdout] 
[INFO] [stdout] 
[INFO] [stdout] error: first argument of method must be a path
[INFO] [stdout]     --> /opt/rustwide/cargo-home/registry/src/github.com-1ecc6299db9ec823/js-sys-0.3.39/src/lib.rs:4876:34
[INFO] [stdout]      |
[INFO] [stdout] 4876 |               pub fn length(this: &$name) -> u32;
[INFO] [stdout]      |                                    ^^^^^
[INFO] [stdout] ...
[INFO] [stdout] 4999 | / arrays! {
[INFO] [stdout] 5000 | |     /// `Int8Array()`
[INFO] [stdout] 5001 | |     /// https://developer.mozilla.org/en-US/docs/Web/JavaScript/Reference/Global_Objects/Int8Array
[INFO] [stdout] 5002 | |     Int8Array: i8,
[INFO] [stdout] ...    |
[INFO] [stdout] 5034 | |     Float64Array: f64,
[INFO] [stdout] 5035 | | }
[INFO] [stdout]      | |_- in this macro invocation
[INFO] [stdout]      |
[INFO] [stdout]      = note: this error originates in a macro (in Nightly builds, run with -Z macro-backtrace for more info)
[INFO] [stdout] 
[INFO] [stdout] 
[INFO] [stdout] error: first argument of method must be a path
[INFO] [stdout]     --> /opt/rustwide/cargo-home/registry/src/github.com-1ecc6299db9ec823/js-sys-0.3.39/src/lib.rs:4881:39
[INFO] [stdout]      |
[INFO] [stdout] 4881 |               pub fn byte_length(this: &$name) -> u32;
[INFO] [stdout]      |                                         ^^^^^
[INFO] [stdout] ...
[INFO] [stdout] 4999 | / arrays! {
[INFO] [stdout] 5000 | |     /// `Int8Array()`
[INFO] [stdout] 5001 | |     /// https://developer.mozilla.org/en-US/docs/Web/JavaScript/Reference/Global_Objects/Int8Array
[INFO] [stdout] 5002 | |     Int8Array: i8,
[INFO] [stdout] ...    |
[INFO] [stdout] 5034 | |     Float64Array: f64,
[INFO] [stdout] 5035 | | }
[INFO] [stdout]      | |_- in this macro invocation
[INFO] [stdout]      |
[INFO] [stdout]      = note: this error originates in a macro (in Nightly builds, run with -Z macro-backtrace for more info)
[INFO] [stdout] 
[INFO] [stdout] 
[INFO] [stdout] error: first argument of method must be a path
[INFO] [stdout]     --> /opt/rustwide/cargo-home/registry/src/github.com-1ecc6299db9ec823/js-sys-0.3.39/src/lib.rs:4886:39
[INFO] [stdout]      |
[INFO] [stdout] 4886 |               pub fn byte_offset(this: &$name) -> u32;
[INFO] [stdout]      |                                         ^^^^^
[INFO] [stdout] ...
[INFO] [stdout] 4999 | / arrays! {
[INFO] [stdout] 5000 | |     /// `Int8Array()`
[INFO] [stdout] 5001 | |     /// https://developer.mozilla.org/en-US/docs/Web/JavaScript/Reference/Global_Objects/Int8Array
[INFO] [stdout] 5002 | |     Int8Array: i8,
[INFO] [stdout] ...    |
[INFO] [stdout] 5034 | |     Float64Array: f64,
[INFO] [stdout] 5035 | | }
[INFO] [stdout]      | |_- in this macro invocation
[INFO] [stdout]      |
[INFO] [stdout]      = note: this error originates in a macro (in Nightly builds, run with -Z macro-backtrace for more info)
[INFO] [stdout] 
[INFO] [stdout] 
[INFO] [stdout] error: first argument of method must be a path
[INFO] [stdout]     --> /opt/rustwide/cargo-home/registry/src/github.com-1ecc6299db9ec823/js-sys-0.3.39/src/lib.rs:4891:31
[INFO] [stdout]      |
[INFO] [stdout] 4891 |               pub fn set(this: &$name, src: &JsValue, offset: u32);
[INFO] [stdout]      |                                 ^^^^^
[INFO] [stdout] ...
[INFO] [stdout] 4999 | / arrays! {
[INFO] [stdout] 5000 | |     /// `Int8Array()`
[INFO] [stdout] 5001 | |     /// https://developer.mozilla.org/en-US/docs/Web/JavaScript/Reference/Global_Objects/Int8Array
[INFO] [stdout] 5002 | |     Int8Array: i8,
[INFO] [stdout] ...    |
[INFO] [stdout] 5034 | |     Float64Array: f64,
[INFO] [stdout] 5035 | | }
[INFO] [stdout]      | |_- in this macro invocation
[INFO] [stdout]      |
[INFO] [stdout]      = note: this error originates in a macro (in Nightly builds, run with -Z macro-backtrace for more info)
[INFO] [stdout] 
[INFO] [stdout] 
[INFO] [stdout] error: first argument of method must be a path
[INFO] [stdout]     --> /opt/rustwide/cargo-home/registry/src/github.com-1ecc6299db9ec823/js-sys-0.3.39/src/lib.rs:4895:37
[INFO] [stdout]      |
[INFO] [stdout] 4895 |               pub fn get_index(this: &$name, idx: u32) -> $ty;
[INFO] [stdout]      |                                       ^^^^^
[INFO] [stdout] ...
[INFO] [stdout] 4999 | / arrays! {
[INFO] [stdout] 5000 | |     /// `Int8Array()`
[INFO] [stdout] 5001 | |     /// https://developer.mozilla.org/en-US/docs/Web/JavaScript/Reference/Global_Objects/Int8Array
[INFO] [stdout] 5002 | |     Int8Array: i8,
[INFO] [stdout] ...    |
[INFO] [stdout] 5034 | |     Float64Array: f64,
[INFO] [stdout] 5035 | | }
[INFO] [stdout]      | |_- in this macro invocation
[INFO] [stdout]      |
[INFO] [stdout]      = note: this error originates in a macro (in Nightly builds, run with -Z macro-backtrace for more info)
[INFO] [stdout] 
[INFO] [stdout] 
[INFO] [stdout] error: first argument of method must be a path
[INFO] [stdout]     --> /opt/rustwide/cargo-home/registry/src/github.com-1ecc6299db9ec823/js-sys-0.3.39/src/lib.rs:4899:37
[INFO] [stdout]      |
[INFO] [stdout] 4899 |               pub fn set_index(this: &$name, idx: u32, value: $ty);
[INFO] [stdout]      |                                       ^^^^^
[INFO] [stdout] ...
[INFO] [stdout] 4999 | / arrays! {
[INFO] [stdout] 5000 | |     /// `Int8Array()`
[INFO] [stdout] 5001 | |     /// https://developer.mozilla.org/en-US/docs/Web/JavaScript/Reference/Global_Objects/Int8Array
[INFO] [stdout] 5002 | |     Int8Array: i8,
[INFO] [stdout] ...    |
[INFO] [stdout] 5034 | |     Float64Array: f64,
[INFO] [stdout] 5035 | | }
[INFO] [stdout]      | |_- in this macro invocation
[INFO] [stdout]      |
[INFO] [stdout]      = note: this error originates in a macro (in Nightly builds, run with -Z macro-backtrace for more info)
[INFO] [stdout] 
[INFO] [stdout] 
[INFO] [stdout] error[E0433]: failed to resolve: use of undeclared type or module `Int8Array`
[INFO] [stdout]     --> /opt/rustwide/cargo-home/registry/src/github.com-1ecc6299db9ec823/js-sys-0.3.39/src/lib.rs:5002:5
[INFO] [stdout]      |
[INFO] [stdout] 5002 |     Int8Array: i8,
[INFO] [stdout]      |     ^^^^^^^^^ use of undeclared type or module `Int8Array`
[INFO] [stdout] 
[INFO] [stdout] 
[INFO] [stdout] error[E0433]: failed to resolve: use of undeclared type or module `Int16Array`
[INFO] [stdout]     --> /opt/rustwide/cargo-home/registry/src/github.com-1ecc6299db9ec823/js-sys-0.3.39/src/lib.rs:5006:5
[INFO] [stdout]      |
[INFO] [stdout] 5006 |     Int16Array: i16,
[INFO] [stdout]      |     ^^^^^^^^^^ use of undeclared type or module `Int16Array`
[INFO] [stdout] 
[INFO] [stdout] 
[INFO] [stdout] error[E0433]: failed to resolve: use of undeclared type or module `Int32Array`
[INFO] [stdout]     --> /opt/rustwide/cargo-home/registry/src/github.com-1ecc6299db9ec823/js-sys-0.3.39/src/lib.rs:5010:5
[INFO] [stdout]      |
[INFO] [stdout] 5010 |     Int32Array: i32,
[INFO] [stdout]      |     ^^^^^^^^^^ use of undeclared type or module `Int32Array`
[INFO] [stdout] 
[INFO] [stdout] 
[INFO] [stdout] error[E0433]: failed to resolve: use of undeclared type or module `Uint8Array`
[INFO] [stdout]     --> /opt/rustwide/cargo-home/registry/src/github.com-1ecc6299db9ec823/js-sys-0.3.39/src/lib.rs:5014:5
[INFO] [stdout]      |
[INFO] [stdout] 5014 |     Uint8Array: u8,
[INFO] [stdout]      |     ^^^^^^^^^^ use of undeclared type or module `Uint8Array`
[INFO] [stdout] 
[INFO] [stdout] 
[INFO] [stdout] error[E0433]: failed to resolve: use of undeclared type or module `Uint8ClampedArray`
[INFO] [stdout]     --> /opt/rustwide/cargo-home/registry/src/github.com-1ecc6299db9ec823/js-sys-0.3.39/src/lib.rs:5018:5
[INFO] [stdout]      |
[INFO] [stdout] 5018 |     Uint8ClampedArray: u8,
[INFO] [stdout]      |     ^^^^^^^^^^^^^^^^^ use of undeclared type or module `Uint8ClampedArray`
[INFO] [stdout] 
[INFO] [stdout] 
[INFO] [stdout] error[E0433]: failed to resolve: use of undeclared type or module `Uint16Array`
[INFO] [stdout]     --> /opt/rustwide/cargo-home/registry/src/github.com-1ecc6299db9ec823/js-sys-0.3.39/src/lib.rs:5022:5
[INFO] [stdout]      |
[INFO] [stdout] 5022 |     Uint16Array: u16,
[INFO] [stdout]      |     ^^^^^^^^^^^ use of undeclared type or module `Uint16Array`
[INFO] [stdout] 
[INFO] [stdout] 
[INFO] [stdout] error[E0433]: failed to resolve: use of undeclared type or module `Uint32Array`
[INFO] [stdout]     --> /opt/rustwide/cargo-home/registry/src/github.com-1ecc6299db9ec823/js-sys-0.3.39/src/lib.rs:5026:5
[INFO] [stdout]      |
[INFO] [stdout] 5026 |     Uint32Array: u32,
[INFO] [stdout]      |     ^^^^^^^^^^^ use of undeclared type or module `Uint32Array`
[INFO] [stdout] 
[INFO] [stdout] 
[INFO] [stdout] error[E0433]: failed to resolve: use of undeclared type or module `Float32Array`
[INFO] [stdout]     --> /opt/rustwide/cargo-home/registry/src/github.com-1ecc6299db9ec823/js-sys-0.3.39/src/lib.rs:5030:5
[INFO] [stdout]      |
[INFO] [stdout] 5030 |     Float32Array: f32,
[INFO] [stdout]      |     ^^^^^^^^^^^^ use of undeclared type or module `Float32Array`
[INFO] [stdout] 
[INFO] [stdout] 
[INFO] [stdout] error[E0433]: failed to resolve: use of undeclared type or module `Float64Array`
[INFO] [stdout]     --> /opt/rustwide/cargo-home/registry/src/github.com-1ecc6299db9ec823/js-sys-0.3.39/src/lib.rs:5034:5
[INFO] [stdout]      |
[INFO] [stdout] 5034 |     Float64Array: f64,
[INFO] [stdout]      |     ^^^^^^^^^^^^ use of undeclared type or module `Float64Array`
[INFO] [stdout] 
[INFO] [stdout] 
[INFO] [stdout] error[E0412]: cannot find type `Int32Array` in this scope
[INFO] [stdout]    --> /opt/rustwide/cargo-home/registry/src/github.com-1ecc6299db9ec823/js-sys-0.3.39/src/lib.rs:700:37
[INFO] [stdout]     |
[INFO] [stdout] 700 |         pub fn notify(typed_array: &Int32Array, index: u32) -> Result<u32, JsValue>;
[INFO] [stdout]     |                                     ^^^^^^^^^^ not found in this scope
[INFO] [stdout] 
[INFO] [stdout] 
[INFO] [stdout] error[E0412]: cannot find type `Int32Array` in this scope
[INFO] [stdout]    --> /opt/rustwide/cargo-home/registry/src/github.com-1ecc6299db9ec823/js-sys-0.3.39/src/lib.rs:705:27
[INFO] [stdout]     |
[INFO] [stdout] 705 |             typed_array: &Int32Array,
[INFO] [stdout]     |                           ^^^^^^^^^^ not found in this scope
[INFO] [stdout] 
[INFO] [stdout] 
[INFO] [stdout] error[E0412]: cannot find type `Int32Array` in this scope
[INFO] [stdout]    --> /opt/rustwide/cargo-home/registry/src/github.com-1ecc6299db9ec823/js-sys-0.3.39/src/lib.rs:744:35
[INFO] [stdout]     |
[INFO] [stdout] 744 |         pub fn wait(typed_array: &Int32Array, index: u32, value: i32) -> Result<JsString, JsValue>;
[INFO] [stdout]     |                                   ^^^^^^^^^^ not found in this scope
[INFO] [stdout] 
[INFO] [stdout] 
[INFO] [stdout] error[E0412]: cannot find type `Int32Array` in this scope
[INFO] [stdout]    --> /opt/rustwide/cargo-home/registry/src/github.com-1ecc6299db9ec823/js-sys-0.3.39/src/lib.rs:751:27
[INFO] [stdout]     |
[INFO] [stdout] 751 |             typed_array: &Int32Array,
[INFO] [stdout]     |                           ^^^^^^^^^^ not found in this scope
[INFO] [stdout] 
[INFO] [stdout] 
[INFO] [stdout] error[E0412]: cannot find type `Int8Array` in this scope
[INFO] [stdout]     --> /opt/rustwide/cargo-home/registry/src/github.com-1ecc6299db9ec823/js-sys-0.3.39/src/lib.rs:5002:5
[INFO] [stdout]      |
[INFO] [stdout] 5002 |     Int8Array: i8,
[INFO] [stdout]      |     ^^^^^^^^^ not found in this scope
[INFO] [stdout] 
[INFO] [stdout] 
[INFO] [stdout] error[E0412]: cannot find type `Int16Array` in this scope
[INFO] [stdout]     --> /opt/rustwide/cargo-home/registry/src/github.com-1ecc6299db9ec823/js-sys-0.3.39/src/lib.rs:5006:5
[INFO] [stdout]      |
[INFO] [stdout] 5006 |     Int16Array: i16,
[INFO] [stdout]      |     ^^^^^^^^^^ not found in this scope
[INFO] [stdout] 
[INFO] [stdout] 
[INFO] [stdout] error[E0412]: cannot find type `Int32Array` in this scope
[INFO] [stdout]     --> /opt/rustwide/cargo-home/registry/src/github.com-1ecc6299db9ec823/js-sys-0.3.39/src/lib.rs:5010:5
[INFO] [stdout]      |
[INFO] [stdout] 5010 |     Int32Array: i32,
[INFO] [stdout]      |     ^^^^^^^^^^ not found in this scope
[INFO] [stdout] 
[INFO] [stdout] 
[INFO] [stdout] error[E0412]: cannot find type `Uint8Array` in this scope
[INFO] [stdout]     --> /opt/rustwide/cargo-home/registry/src/github.com-1ecc6299db9ec823/js-sys-0.3.39/src/lib.rs:5014:5
[INFO] [stdout]      |
[INFO] [stdout] 5014 |     Uint8Array: u8,
[INFO] [stdout]      |     ^^^^^^^^^^ not found in this scope
[INFO] [stdout] 
[INFO] [stdout] 
[INFO] [stdout] error[E0412]: cannot find type `Uint8ClampedArray` in this scope
[INFO] [stdout]     --> /opt/rustwide/cargo-home/registry/src/github.com-1ecc6299db9ec823/js-sys-0.3.39/src/lib.rs:5018:5
[INFO] [stdout]      |
[INFO] [stdout] 5018 |     Uint8ClampedArray: u8,
[INFO] [stdout]      |     ^^^^^^^^^^^^^^^^^ not found in this scope
[INFO] [stdout] 
[INFO] [stdout] 
[INFO] [stdout] error[E0412]: cannot find type `Uint16Array` in this scope
[INFO] [stdout]     --> /opt/rustwide/cargo-home/registry/src/github.com-1ecc6299db9ec823/js-sys-0.3.39/src/lib.rs:5022:5
[INFO] [stdout]      |
[INFO] [stdout] 5022 |     Uint16Array: u16,
[INFO] [stdout]      |     ^^^^^^^^^^^ not found in this scope
[INFO] [stdout] 
[INFO] [stdout] 
[INFO] [stdout] error[E0412]: cannot find type `Uint32Array` in this scope
[INFO] [stdout]     --> /opt/rustwide/cargo-home/registry/src/github.com-1ecc6299db9ec823/js-sys-0.3.39/src/lib.rs:5026:5
[INFO] [stdout]      |
[INFO] [stdout] 5026 |     Uint32Array: u32,
[INFO] [stdout]      |     ^^^^^^^^^^^ not found in this scope
[INFO] [stdout] 
[INFO] [stdout] 
[INFO] [stdout] error[E0412]: cannot find type `Float32Array` in this scope
[INFO] [stdout]     --> /opt/rustwide/cargo-home/registry/src/github.com-1ecc6299db9ec823/js-sys-0.3.39/src/lib.rs:5030:5
[INFO] [stdout]      |
[INFO] [stdout] 5030 |     Float32Array: f32,
[INFO] [stdout]      |     ^^^^^^^^^^^^ not found in this scope
[INFO] [stdout] 
[INFO] [stdout] 
[INFO] [stdout] error[E0412]: cannot find type `Float64Array` in this scope
[INFO] [stdout]     --> /opt/rustwide/cargo-home/registry/src/github.com-1ecc6299db9ec823/js-sys-0.3.39/src/lib.rs:5034:5
[INFO] [stdout]      |
[INFO] [stdout] 5034 |     Float64Array: f64,
[INFO] [stdout]      |     ^^^^^^^^^^^^ not found in this scope
[INFO] [stdout] 
[INFO] [stdout] 
[INFO] [stdout] error: aborting due to 37 previous errors
[INFO] [stdout] 
[INFO] [stdout] 
[INFO] [stdout] Some errors have detailed explanations: E0412, E0433.
[INFO] [stdout] 
[INFO] [stdout] For more information about an error, try `rustc --explain E0412`.
[INFO] [stdout] 
[INFO] [stderr] error: could not compile `js-sys`.
[INFO] [stderr] 
[INFO] [stderr] To learn more, run the command again with --verbose.
[INFO] [stderr] warning: build failed, waiting for other jobs to finish...
[INFO] [stderr] error: build failed
[INFO] running `Command { std: "docker" "inspect" "1516451d8d4ec69538335279413bfa6c72cbcc32d1e9850c1369100a5d0ce5b3", kill_on_drop: false }`
[INFO] running `Command { std: "docker" "rm" "-f" "1516451d8d4ec69538335279413bfa6c72cbcc32d1e9850c1369100a5d0ce5b3", kill_on_drop: false }`
[INFO] [stdout] 1516451d8d4ec69538335279413bfa6c72cbcc32d1e9850c1369100a5d0ce5b3
